11616149 prime?
True
Is 327918571 prime?
True
Is 394117 composite?
True
Is 6534901 a composite number?
False
Is 3031781 a composite number?
True
Is 3948761 a prime number?
False
Is 1655261 a prime number?
False
Is 7898519 prime?
True
Is 12739687 composite?
False
Is 1354007 prime?
True
Is 33134707 a composite number?
False
Is 8479929 a composite number?
True
Is 25606393 composite?
True
Is 114407 composite?
False
Is 44369489 composite?
True
Is 11611157 prime?
False
Is 120868807 composite?
False
Is 822500347 composite?
False
Is 2911999 a prime number?
False
Is 41805383 composite?
True
Is 14236861 prime?
True
Is 10513313 a composite number?
True
Is 4085587 composite?
True
Is 16802911 composite?
False
Is 383323615 a composite number?
True
Is 7109731 a prime number?
True
Is 190982287 prime?
True
Is 21473413 a composite number?
True
Is 16863763 a composite number?
True
Is 43809533 a prime number?
True
Is 12859799 composite?
False
Is 36541118 a prime number?
False
Is 3725497 a prime number?
False
Is 194048851 prime?
False
Is 1950703 prime?
True
Is 38034511 composite?
True
Is 303221543 a prime number?
True
Is 2921293 composite?
False
Is 4364011 a prime number?
True
Is 749467 composite?
False
Is 11298323 a composite number?
True
Is 1887661 composite?
True
Is 179702581 prime?
False
Is 34117883 a prime number?
False
Is 192204829 composite?
False
Is 86048331 prime?
False
Is 23701966 prime?
False
Is 4671497 composite?
True
Is 2239959 composite?
True
Is 26802157 composite?
True
Is 3804699 composite?
True
Is 4391567 a composite number?
True
Is 66742727 a prime number?
True
Is 34530857 composite?
False
Is 18146017 composite?
False
Is 2288851 a prime number?
False
Is 403124897 a prime number?
False
Is 817670053 composite?
True
Is 1734619 a composite number?
True
Is 845479 composite?
True
Is 747209 a prime number?
False
Is 3962087 prime?
False
Is 17026369 a prime number?
False
Is 10455397 composite?
False
Is 13921426 prime?
False
Is 80665141 a prime number?
True
Is 5581309 a prime number?
True
Is 778489 a composite number?
True
Is 5437711 composite?
False
Is 541472219 prime?
False
Is 13883 a prime number?
True
Is 6915427 prime?
False
Is 5514359 composite?
True
Is 21921223 a composite number?
True
Is 174851311 a prime number?
False
Is 2671121 a composite number?
False
Is 32927126 composite?
True
Is 29999174 a prime number?
False
Is 44511673 composite?
False
Is 179617 a prime number?
False
Is 105981311 prime?
True
Is 266477 a prime number?
True
Is 1492729 composite?
True
Is 1773337 prime?
True
Is 308609453 a composite number?
False
Is 3442603 a prime number?
False
Is 5636123 prime?
True
Is 80187427 a prime number?
False
Is 3927961 prime?
True
Is 5153821 a prime number?
False
Is 1478921 a prime number?
True
Is 2327879 prime?
True
Is 659723323 a prime number?
False
Is 18324463 prime?
False
Is 28857359 a prime number?
True
Is 10623401 a composite number?
True
Is 43442291 a prime number?
False
Is 171107 composite?
True
Is 12019069 prime?
True
Is 352639921 prime?
False
Is 1580203 a prime number?
True
Is 13568941 composite?
True
Is 19428917 composite?
False
Is 40385201 composite?
False
Is 456997 composite?
True
Is 51221881 prime?
True
Is 419873 composite?
False
Is 117156773 a prime number?
True
Is 1120604633 composite?
False
Is 2752655 composite?
True
Is 47306983 a composite number?
False
Is 9683741 composite?
True
Is 4872953 a prime number?
False
Is 12982597 a prime number?
False
Is 50236159 prime?
True
Is 6339449 a composite number?
False
Is 689915 a prime number?
False
Is 12825445 a prime number?
False
Is 7310591 a prime number?
False
Is 11667751 prime?
False
Is 250654147 composite?
False
Is 378997 a prime number?
True
Is 1393079 a prime number?
True
Is 289929 composite?
True
Is 192764321 a prime number?
True
Is 416936711 composite?
False
Is 36444839 prime?
False
Is 9827743 composite?
False
Is 9255877 a prime number?
False
Is 538697 a prime number?
True
Is 7019539 a prime number?
False
Is 72860883 prime?
False
Is 11818181 prime?
True
Is 96799673 a prime number?
False
Is 28516931 a prime number?
False
Is 14513 prime?
False
Is 13867787 a prime number?
True
Is 1732609 a prime number?
True
Is 2690953 composite?
True
Is 1595254 a prime number?
False
Is 278801 a prime number?
True
Is 633337 prime?
True
Is 12776233 prime?
False
Is 7830133 prime?
False
Is 127752103 composite?
False
Is 61601629 composite?
True
Is 145970095 a prime number?
False
Is 72659611 a prime number?
False
Is 67806619 a composite number?
False
Is 1316773 prime?
False
Is 15000287 a composite number?
False
Is 4202959 prime?
True
Is 11346557 composite?
False
Is 3081467 composite?
False
Is 130278377 composite?
True
Is 436913 a composite number?
False
Is 3089755 a prime number?
False
Is 255109847 prime?
True
Is 1444153 composite?
True
Is 100545707 composite?
False
Is 8701307 a composite number?
True
Is 205701383 composite?
False
Is 4113866 a composite number?
True
Is 365234 prime?
False
Is 3497583 prime?
False
Is 14489411 a composite number?
True
Is 7183493 composite?
True
Is 936361 composite?
False
Is 3504503 a composite number?
True
Is 3517971 prime?
False
Is 519246971 a prime number?
False
Is 13624111 prime?
True
Is 12998617 prime?
True
Is 8833049 a prime number?
True
Is 7557449 a prime number?
True
Is 127777633 prime?
True
Is 814873 a prime number?
True
Is 83899 prime?
False
Is 17676943 composite?
False
Is 14203561 composite?
True
Is 198089 a prime number?
False
Is 30482281 composite?
False
Is 1090241 prime?
True
Is 14016941 a composite number?
True
Is 3148673 a composite number?
True
Is 3881987 a composite number?
False
Is 95895161 composite?
False
Is 738137 prime?
False
Is 13153081 prime?
True
Is 177837461 prime?
True
Is 5436917 a prime number?
True
Is 39011689 composite?
True
Is 12156083 prime?
True
Is 9545135 prime?
False
Is 14369907 a prime number?
False
Is 22464347 a prime number?
True
Is 569731483 a composite number?
False
Is 70976707 prime?
True
Is 1269529 composite?
False
Is 2656579 a prime number?
False
Is 3032663 composite?
True
Is 8127291 a composite number?
True
Is 2915377 prime?
False
Is 14814197 a composite number?
False
Is 3797371 a composite number?
False
Is 40519801 a composite number?
True
Is 88064719 composite?
False
Is 6831031 a composite number?
True
Is 4558921 composite?
False
Is 91915429 composite?
True
Is 363719 prime?
True
Is 502471 composite?
True
Is 1003154 a prime number?
False
Is 12949117 composite?
False
Is 271913 a composite number?
True
Is 3747479 a composite number?
False
Is 749153323 composite?
False
Is 3133033 prime?
True
Is 58966763 a prime number?
True
Is 127425547 a prime number?
True
Is 2085731 composite?
False
Is 24913873 a composite number?
False
Is 20354927 composite?
False
Is 228842254 a prime number?
False
Is 67363867 composite?
True
Is 2557955197 composite?
True
Is 3300821 a prime number?
True
Is 12622651 prime?
False
Is 2717441 a composite number?
False
Is 3574927 prime?
True
Is 8033063 a prime number?
False
Is 3094241 a prime number?
True
Is 3989891 composite?
False
Is 273843247 a prime number?
True
Is 352134841 a prime number?
True
Is 9109463 prime?
False
Is 1606169 a prime number?
False
Is 67911 composite?
True
Is 567022663 a prime number?
True
Is 4233729 prime?
False
Is 3271441 prime?
True
Is 16642007 composite?
False
Is 2025291 a prime number?
False
Is 3516949 a composite number?
True
Is 96247177 prime?
False
Is 143571 composite?
True
Is 3109649 a prime number?
True
Is 5499559 prime?
False
Is 3787 composite?
True
Is 1167589 prime?
False
Is 1961689 a prime number?
False
Is 9045977 composite?
False
Is 1395865 a prime number?
False
Is 6307726 prime?
False
Is 62354329 prime?
True
Is 3030083 prime?
False
Is 204986863 a composite number?
False
Is 15160357 prime?
True
Is 577391 composite?
True
Is 14519537 a prime number?
True
Is 380041 a prime number?
True
Is 51682463 a composite number?
True
Is 30445655 a composite number?
True
Is 5663527 prime?
False
Is 4435285 composite?
True
Is 52589071 a composite number?
False
Is 142820599 composite?
False
Is 160903 a composite number?
False
Is 65376847 composite?
False
Is 10678373 composite?
True
Is 104939 a prime number?
False
Is 16474531 composite?
False
Is 231003317 a composite number?
True
Is 68937501 composite?